{"id":55,"date":"2016-08-28T13:46:26","date_gmt":"2016-08-28T11:46:26","guid":{"rendered":"http:\/\/emvee.de\/wordpress\/?page_id=55"},"modified":"2025-03-17T21:15:55","modified_gmt":"2025-03-17T20:15:55","slug":"referenzen","status":"publish","type":"page","link":"https:\/\/bildvogt.eu\/wordpress\/referenzen\/","title":{"rendered":"Referenzen"},"content":{"rendered":"<p>Nachfolgend eine Auswahl an Medien \/ Auftraggebern, bei denen einige meiner Werke ver\u00f6ffentlicht wurden.<\/p>\n<ul>\n<li><a href=\"http:\/\/www.atarimuseum.de\" target=\"_blank\" rel=\"noopener noreferrer\">Atarimuseum<\/a><\/li>\n<li><a href=\"http:\/\/www.augsburger-allgemeine.de\" target=\"_blank\" rel=\"noopener noreferrer\">Augsburger Allgemeine<\/a><\/li>\n<li><a href=\"http:\/\/www.baywa-baumarkt.de\/cms\/de\/Standorte\/Neu-Ulm\/Neu-Ulm.htm\" target=\"_blank\" rel=\"noopener noreferrer\">BayWa Bau- &amp; Gartenmarkt Neu-Ulm<\/a><\/li>\n<li><a href=\"http:\/\/www.bigboxallgaeu.de\" target=\"_blank\" rel=\"noopener noreferrer\">bigBOX Allg\u00e4u<\/a><\/li>\n<li>Cadman Immobilienmarketing<\/li>\n<li><a href=\"http:\/\/www.calvendo.de\" target=\"_blank\" rel=\"noopener noreferrer\">Calvendo Verlag<\/a><\/li>\n<li><a href=\"http:\/\/www.deutscherkunstverlag.de\" target=\"_blank\" rel=\"noopener noreferrer\">Deutscher Kunstverlag<\/a><\/li>\n<li><a href=\"http:\/\/www.forts-2-mmarket.net\" target=\"_blank\" rel=\"noopener noreferrer\">Europ\u00e4isches Festungstourismus und Festungsmarketing Netzwerk e.V.<\/a><\/li>\n<li><a href=\"http:\/\/www.festung-ulm.de\" target=\"_blank\" rel=\"noopener noreferrer\">F\u00f6rderkreis Bundesfestung Ulm e.V.<\/a><\/li>\n<li><a href=\"http:\/\/www.forte-cultura.eu\" target=\"_blank\" rel=\"noopener noreferrer\">Forte Cultura<\/a><\/li>\n<li><a href=\"http:\/\/www.fue-event.de\" target=\"_blank\" rel=\"noopener noreferrer\">FUE Event<\/a><\/li>\n<li><a href=\"http:\/\/www.heilix-blechle.de\/\" target=\"_blank\" rel=\"noopener noreferrer\">Heilix Blechle<\/a><\/li>\n<li><a href=\"http:\/\/www.neu-ulm-spartans.de\" target=\"_blank\" rel=\"noopener noreferrer\">Neu-Ulm Spartans<\/a><\/li>\n<li><a href=\"http:\/\/www.nuz.de\" target=\"_blank\" rel=\"noopener noreferrer\">Neu-Ulmer Zeitung<\/a><\/li>\n<li>Nick K\u00f6rber \/\/ Singer, Actor, Writer<\/li>\n<li><a href=\"https:\/\/www.powermetal.de\" target=\"_blank\" rel=\"noopener\">POWERMETAL.de<\/a><\/li>\n<li><a href=\"http:\/\/www.publicpress.de\" target=\"_blank\" rel=\"noopener noreferrer\">Publicpress<\/a><\/li>\n<li><a href=\"http:\/\/www.regio-tv.de\/region\/schwaben.html\" target=\"_blank\" rel=\"noopener noreferrer\">Regio TV Schwaben<\/a><\/li>\n<li><a href=\"http:\/\/www.roxy.ulm.de\" target=\"_blank\" rel=\"noopener noreferrer\">Roxy Ulm<\/a><\/li>\n<li><a href=\"http:\/\/www.facebook.com\/ShirazLane\/\" target=\"_blank\" rel=\"noopener noreferrer\">Shiraz Lane<\/a><\/li>\n<li><a href=\"http:\/\/www.ulm.de\" target=\"_blank\" rel=\"noopener noreferrer\">Stadt Ulm<\/a><\/li>\n<li><a href=\"http:\/\/www.studispazz.de\" target=\"_blank\" rel=\"noopener noreferrer\">Studi@SpaZz<\/a><\/li>\n<li><a href=\"http:\/\/www.swp.de\" target=\"_blank\" rel=\"noopener noreferrer\">S\u00fcdwest Presse<\/a><\/li>\n<li><a href=\"http:\/\/st-computer.atariuptodate.de\" target=\"_blank\" rel=\"noopener noreferrer\">ST Computer \u2013 Atari Computing Today<\/a><\/li>\n<li><a href=\"http:\/\/www.team-ulm.de\" target=\"_blank\" rel=\"noopener noreferrer\">Team-Ulm.de \u2013 Das Online-Magazin<\/a><\/li>\n<li><a href=\"http:\/\/www.yasihofer.com\" target=\"_blank\" rel=\"noopener noreferrer\">Yasi Hofer<\/a><\/li>\n<li><a href=\"http:\/\/www1.zweygart.de\" target=\"_blank\" rel=\"noopener noreferrer\">Zweygart Fachhandelsgruppe<\/a><\/li>\n<\/ul>\n<p>Ausstellungen, auf denen meine Bilder vertreten waren:<\/p>\n<ul>\n<li>Ausstellung zum Thema Konzertfotografie im Rahmen der <a href=\"https:\/\/www.kultur-in-ulm.de\/web\/kulturnacht\/\" target=\"_blank\" rel=\"noopener noreferrer\">Ulmer Kulturnacht<\/a>, <a href=\"http:\/\/www.reithalle-ulm.de\/\" target=\"_blank\" rel=\"noopener noreferrer\">Reithalle Ulm<\/a> (2015, 2016, 2019)<\/li>\n<li>Oldtimer Impressions, <a href=\"http:\/\/www.cafe-d-art.com\" target=\"_blank\" rel=\"noopener noreferrer\">Caf\u00e9 d&#8217;Art Neu-Ulm<\/a> (2015)<\/li>\n<li>Creative Compositions, <a href=\"http:\/\/www.qlickeditions.com\" target=\"_blank\" rel=\"noopener noreferrer\">Qlick Gallery Amsterdam<\/a> (2018)<\/li>\n<li>My Favourite Shots, <a href=\"http:\/\/www.cabfab.nl\" target=\"_blank\" rel=\"noopener noreferrer\">Caballero Fabriek, Den Haag<\/a> (2019)<\/li>\n<\/ul>\n","protected":false},"excerpt":{"rendered":"<p>Nachfolgend eine Auswahl an Medien \/ Auftraggebern, bei denen einige meiner Werke ver\u00f6ffentlicht wurden. Atarimuseum Augsburger Allgemeine BayWa Bau- &amp; Gartenmarkt Neu-Ulm bigBOX Allg\u00e4u Cadman Immobilienmarketing Calvendo Verlag Deutscher Kunstverlag Europ\u00e4isches Festungstourismus und Festungsmarketing Netzwerk e.V. F\u00f6rderkreis Bundesfestung Ulm e.V. Forte Cultura FUE Event Heilix Blechle Neu-Ulm Spartans Neu-Ulmer Zeitung Nick K\u00f6rber \/\/ Singer, Actor,&#8230;<\/p>\n<p class=\"more-link-wrap\"><a href=\"https:\/\/bildvogt.eu\/wordpress\/referenzen\/\" class=\"more-link\">Weiterlesen<span class=\"screen-reader-text\"> &ldquo;Referenzen&rdquo;<\/span> &raquo;<\/a><\/p>\n","protected":false},"author":1,"featured_media":0,"parent":0,"menu_order":0,"comment_status":"closed","ping_status":"closed","template":"","meta":{"footnotes":""},"class_list":["post-55","page","type-page","status-publish","hentry"],"_links":{"self":[{"href":"https:\/\/bildvogt.eu\/wordpress\/wp-json\/wp\/v2\/pages\/55","targetHints":{"allow":["GET"]}}],"collection":[{"href":"https:\/\/bildvogt.eu\/wordpress\/wp-json\/wp\/v2\/pages"}],"about":[{"href":"https:\/\/bildvogt.eu\/wordpress\/wp-json\/wp\/v2\/types\/page"}],"author":[{"embeddable":true,"href":"https:\/\/bildvogt.eu\/wordpress\/wp-json\/wp\/v2\/users\/1"}],"replies":[{"embeddable":true,"href":"https:\/\/bildvogt.eu\/wordpress\/wp-json\/wp\/v2\/comments?post=55"}],"version-history":[{"count":25,"href":"https:\/\/bildvogt.eu\/wordpress\/wp-json\/wp\/v2\/pages\/55\/revisions"}],"predecessor-version":[{"id":2185,"href":"https:\/\/bildvogt.eu\/wordpress\/wp-json\/wp\/v2\/pages\/55\/revisions\/2185"}],"wp:attachment":[{"href":"https:\/\/bildvogt.eu\/wordpress\/wp-json\/wp\/v2\/media?parent=55"}],"curies":[{"name":"wp","href":"https:\/\/api.w.org\/{rel}","templated":true}]}}